f p and 30?
15
Let j = 29 - 15. Suppose -j = s - 3*s. Suppose -p = -0*p - s. Calculate the greatest common divisor of p and 14.
7
Let j = -50 - 162. Let k be j/(-18) - 2/(-9). Calculate the highest common factor of k and 96.
12
Suppose 3*y - 15 = -6*b + 3*b, -5*y = 2*b - 25. Suppose 5*x - 4*x - 36 = 0. Suppose 4*u = x + 124. Calculate the highest common factor of y and u.
5
Suppose -5*h + 14 = a, 3*a = -4*h - a + 24. Suppose -6*t + 24 = -h*t. Let l(g) = g**3 + g - 1. Let z be l(2). Calculate the highest common divisor of t and z.
3
Let v = -8 + 74. What is the highest common factor of 6 and v?
6
Let t be (-72)/(-18) - (-195 - -1). What is the greatest common factor of t and 22?
22
Let b(x) = -x**3 - 10*x**2 - 7*x + 12. Let m be b(-10). Let y = -58 + m. What is the highest common factor of y and 16?
8
Let r(q) = -q**3 - 2*q**2 + 7*q + 6. Let b be r(-4). Let h = 0 + b. Calculate the highest common divisor of h and 90.
10
Suppose -2*y = -i - 41, i + 81 = 3*y + 6*i. Calculate the greatest common factor of 44 and y.
22
Suppose 0 = -r + 3 - 8, 0 = 5*x - r - 145. Suppose 2*l - 4 = -0. Let a be (-1 + l)/((-4)/(-16)). Calculate the greatest common divisor of x and a.
4
Let h be 83/(-4) + 2/(-8). Let d be (-3)/(9/3) + 85. Let v = h + d. What is the highest common divisor of v and 7?
7
Suppose -5*o - o = 36. Let d be 3 - o*(-2)/(-4). Calculate the highest common divisor of d and 18.
6
Suppose -2*w + 0*w - 2 = 0. Let h be (3 + w)*10/4. Suppose h*a - 22 = -7, 5*a = -5*i + 175. What is the greatest common factor of i and 16?
16
Suppose 2*n = -3*n + 10. Let s be (10/(-4))/(n/(-4)). Suppose 0*o = -5*o + 225. Calculate the greatest common factor of o and s.
5
Let t = 407 + -127. Calculate the greatest common divisor of 56 and t.
56
Let y(u) = u**3 + 2*u**2 + 2*u + 3. Let r be y(-3). Let o be (-2)/3 - 392/r. Let j = o + 17. Calculate the highest common factor of 7 and j.
7
Suppose 2*s = -s + 351. Suppose -16 = -14*o + 10*o. Suppose 2*m + 1 - 3 = 0, o*j + m = 53. What is the highest common divisor of s and j?
13
Let d(u) = u**2 + 84. Let q be d(0). What is the highest common divisor of q and 12?
12
Suppose -5*j = 5*o - 20, -3*j + 3*o + 0*o + 18 = 0. Suppose 2*w = j*q + 7*w + 10, -5*q - 2*w = -2. What is the greatest common divisor of 8 and q?
2
Suppose -2*o + 1 = -3*m, 8*o - m + 8 = 9*o. What is the greatest common factor of o and 45?
5
Let c(h) = 6*h**2 + h - 3. Let l be c(5). Let i(w) = -3*w + 1. Let d be i(1). Let r be 1/d*(-152)/4. Calculate the greatest common factor of r and l.
19
Let f be (5/2)/((-3)/(-6)). Suppose -f*t + 70 = -5. What is the highest common factor of 105 and t?
15
Let a(y) = -4*y + 19*y**2 - y**3 + 6 - 3*y - 8*y**2. Let t be a(4). Suppose -7 = 4*l - w - 46, -l - 3*w = -13. Calculate the highest common factor of t and l.
10
Suppose -c - 2*m + 45 = 0, -2*c + 2*m = 3*c - 285. What is the greatest common divisor of 11 and c?
11
Let a(h) = -h**3 - 9*h**2 - h - 9. Let k be a(-9). Let o be k*(-1)/(-2) - -13. Suppose -4*x - 156 = -8*x. Calculate the highest common divisor of x and o.
13
Let t = 7 + -5. Suppose -t*m + 7 = -4*p + 37, 9 = -3*m. Suppose -8*z + 3*z + 273 = -h, -282 = -5*z + 4*h. Calculate the greatest common factor of z and p.
6
Let z be (-2)/9 - 1096/(-72). What is the highest common factor of 5 and z?
5
Suppose -2*v = 2*v + 12. Let s(f) = -3*f - 3. Let m be s(v). Let b be (-77)/(-5) - (-4)/(-10). Calculate the greatest common factor of m and b.
3
Let m be 3/(-2) + (-9)/(-6). Suppose 0 = -3*h - m*h - 12. Let x(b) = -3*b. Let a be x(h). Calculate the highest common divisor of a and 132.
12
Let h(x) = x**2 + 3*x - 7. Let c be h(-6). Let w be (22/(-5 - -4))/(-2). Calculate the greatest common divisor of c and w.
11
Suppose -o - 42 - 17 = -r, 2*r - 133 = 5*o. Calculate the highest common divisor of r and 27.
27
Let y(l) = l + 40. Let j be y(0). Calculate the greatest common factor of 8 and j.
8
Suppose 271 = 10*l - 89. What is the highest common divisor of l and 288?
36
Let b be (-40)/12*24/(-10). Let p(t) = 3 - 3 + 1 + 9*t. Let q be p(7). What is the highest common factor of q and b?
8
Let v = 64 + -20. Suppose -4*j = 4*m - v, 3*j + 39 = 7*j + 3*m. Let p be 38/3 - (-4)/(-6). What is the highest common divisor of p and j?
6
Suppose -39 = 4*n - 111. Suppose -2 = 4*q + 30. Let p = q + n. Calculate the highest common divisor of 20 and p.
10
Let y be (-1 - -4)*20/(-30). Let j be (-1088)/(-24) - y/(-6). Calculate the greatest common divisor of j and 30.
15
Let r(o) = o**2 - 2*o - 10. Let j be r(12). Calculate the highest common divisor of j and 22.
22
Let t(m) = 7*m**2 - m - 4. Let i be t(-4). Suppose -4*w + 68 = 3*h, -5*h - 1 + 7 = -w. Calculate the highest common factor of w and i.
14
Suppose -5*w + 3*w - 3*b + 27 = 0, -2*b = -2*w + 32. Calculate the greatest common factor of 15 and w.
15
Suppose 0*r - 36 = -3*r. Let p = -57 + r. Let v be 1/(-2) - p/2. What is the greatest common factor of 55 and v?
11
Let s be ((-4)/(-6))/((-8)/(-252)). Suppose -p + 45 = 2*p. Let j = s - p. What is the highest common factor of 2 and j?
2
Let f = 4 + -4. Let m = f - -3. Suppose m*x - 90 = -0*x. Calculate the highest common divisor of x and 10.
10
Let y(l) = -3*l - 13. Suppose 6*v + 3 = -33. Let x be y(v). Calculate the greatest common factor of x and 5.
5
Let z(p) = -3*p - 3. Let w be z(-2). Suppose -5*y = -3*u + 80, 0 = -3*u - w*y + 106 - 10. What is the highest common factor of 10 and u?
10
Let g(c) = 3*c + 9*c**2 - c**3 - 3*c + 9 + 3*c. Let b be g(7). Suppose f + b = 2*f. Calculate the greatest common divisor of f and 16.
16
Let p(s) = s**3 + 5*s**2 - 5*s + 7. Let o be p(-5). Calculate the highest common divisor of 8 and o.
8
Let z(h) = 3 - 3*h - h - 6 + h. Let q be 2/(-3)*6*1. Let f be z(q). What is the highest common factor of f and 81?
9
Let f be (-1*1)/((-480)/68 + 7). What is the highest common factor of 17 and f?
17
Let q be 18/(-135) - 364/(-30) - -2. What is the greatest common factor of q and 98?
14
Let i(b) = b - 1. Let m be i(1). Suppose 4*z = 4 - m. Let d(s) = s + 2. Let p be d(2). What is the greatest common divisor of z and p?
1
Suppose 3*q = -4*l + l, 0 = 3*l + 5*q + 6. Let m be (-1)/(2 + (-7)/l). Calculate the greatest common factor of m and 1.
1
Suppose -2*c = 2*c - 96. What is the greatest common factor of c and 24?
24
Let w be 34/(-10) + 12/(-20). Let l = w - -20. What is the greatest common factor of 112 and l?
16
Suppose 2*f = 4*f - 10. Calculate the greatest common divisor of 5 and f.
5
Suppose 0 = -3*o - o + 340. Suppose -4*a + o = a. What is the highest common divisor of 119 and a?
17
Let z = -26 - -38. What is the highest common divisor of z and 12?
12
Let i = 35 + 8. Let b = i + -28. What is the greatest common factor of b and 6?
3
Suppose -3*x - 2 = -4*i - 53, -51 = -3*x + 3*i. Calculate the greatest common factor of x and 34.
17
Let a(y) = -1. Let w(q) = -5*q - 7. Let t(p) = 6*a(p) - w(p). Let z be t(2). What is the greatest common divisor of z and 22?
11
Let x = -8 + 21. Calculate the greatest common factor of x and 39.
13
Let f(x) = x**3 - 2*x**2 - 2*x + 3. Let j be f(-3). Let o be 0 - (j - (1 - -1)). Suppose 458 = 5*s + o. What is the highest common factor of 12 and s?
12
Let g(h) = -h**2 + 2*h - 2. Let i be g(2). Let u be (-1 - -63) + (i - 0). Suppose 12*n = 7*n + u. Calculate the highest common divisor of n and 108.
12
Let d = -195 - -215. What is the greatest common divisor of d and 30?
10
Let y(z) = -4*z - 3. Let l be y(-9). What is the highest common factor of 66 and l?
33
Let c be 1/(-2)*108/(-2). Suppose -v - c = -75. Let t be 1/((-2)/v*-1). What is the highest common factor of t and 6?
6
Suppose -2*y - 5*x + 130 = 3*y, -8 = -2*x. Calculate the highest common factor of y and 33.
11
Suppose -y = 3 - 16. Suppose d - 2*b - 480 = 0, 1597 - 4067 = -5*d - 4*b. Let w = -347 + d. What is the highest common factor of y and w?
13
Suppose 32*l - 35*l = -39. Calculate the highest common factor of 1 and l.
1
Let n(k) = k**2 - 3*k + 1. Let t be n(-3). Calculate the greatest common factor of 95 and t.
19
Suppose u = -n - 3*u + 4, 68 = 3*n - 2*u. Let b = n + 4. Calculate the greatest common factor of b and 60.
12
Let k be ((-6)/8)/(2/(-24)). Let x = 2 - -2. Suppose 0 = 4*p + 5*n - 9, -5*p + k + 9 = x*n. What is the greatest com